{"id":4789,"date":"2023-03-27T15:31:13","date_gmt":"2023-03-27T15:31:13","guid":{"rendered":"https:\/\/ninbol-srl.com\/web\/?post_type=product&#038;p=4789"},"modified":"2023-04-09T18:17:13","modified_gmt":"2023-04-09T18:17:13","slug":"banos-con-agitacion","status":"publish","type":"product","link":"https:\/\/ninbol-srl.com\/web\/producto\/banos-con-agitacion\/","title":{"rendered":"Ba\u00f1os con agitaci\u00f3n"},"content":{"rendered":"","protected":false},"excerpt":{"rendered":"<p><strong>REFERENCIA:\u00a0<\/strong>6032015 |\u00a0<strong>MARCA:\u00a0<\/strong>JP SELECTA<\/p>\n<p><strong>El Ba\u00f1o de agua y aceite para laboratorio\u00a0<\/strong>es un equipo de laboratorio el cual est\u00e1 formado por un recipiente de agua caliente. El\u00a0<strong><em>ba\u00f1o mar\u00eda<\/em><\/strong><em>\u00a0<\/em>se utiliza para incubar muestras en agua a una temperatura constante durante un largo per\u00edodo de tiempo. Todos los ba\u00f1os de agua tienen una interfaz digital o anal\u00f3gica que permite a los usuarios establecer la temperatura deseada.\u00a0<strong>Las aplicaciones incluyen calentamiento de reactivos, fusi\u00f3n de sustratos<\/strong>\u00a0o incubaci\u00f3n de cultivos celulares. Tambi\u00e9n se utiliza para permitir que ciertas reacciones qu\u00edmicas se produzcan a\u00a0<strong>altas temperaturas<\/strong>.<\/p>\n<p>Ba\u00f1o de agua con agitaci\u00f3n interna. Regulaci\u00f3n por microprocesador y lectura digital de temperatura y tiempo \u201cAgibat-20\u201d<\/p>\n<p>PARA TEMPERATURAS REGULABLES DESDE AMBIENTE+5 \u00b0C HASTA 80 \u00b0C.<\/p>\n<p>ESTABILIDAD \u00b10,1 \u00b0C.<\/p>\n<p>A TEMPERATURA DE TRABAJO ERROR DE CONSIGNA: \u00b11 \u00b0C.<\/p>\n<p>A TEMPERATURA DE TRABAJO RESOLUCI\u00d3N: 0,1 \u00b0C<\/p>\n","protected":false},"featured_media":4790,"comment_status":"closed","ping_status":"closed","template":"","meta":{"_eb_attr":"","site-sidebar-layout":"default","site-content-layout":"default","ast-site-content-layout":"","site-content-style":"default","site-sidebar-style":"default","ast-global-header-display":"","ast-banner-title-visibility":"","ast-main-header-display":"","ast-hfb-above-header-display":"","ast-hfb-below-header-display":"","ast-hfb-mobile-header-display":"","site-post-title":"","ast-breadcrumbs-content":"","ast-featured-img":"","footer-sml-layout":"","theme-transparent-header-meta":"default","adv-header-id-meta":"","stick-header-meta":"","header-above-stick-meta":"","header-main-stick-meta":"","header-below-stick-meta":"","astra-migrate-meta-layouts":"default","ast-page-background-enabled":"default","ast-page-background-meta":{"desktop":{"background-color":"","background-image":"","background-repeat":"repeat","background-position":"center center","background-size":"auto","background-attachment":"scroll","background-type":"","background-media":"","overlay-type":"","overlay-color":"","overlay-gradient":""},"tablet":{"background-color":"","background-image":"","background-repeat":"repeat","background-position":"center center","background-size":"auto","background-attachment":"scroll","background-type":"","background-media":"","overlay-type":"","overlay-color":"","overlay-gradient":""},"mobile":{"background-color":"","background-image":"","background-repeat":"repeat","background-position":"center center","background-size":"auto","background-attachment":"scroll","background-type":"","background-media":"","overlay-type":"","overlay-color":"","overlay-gradient":""}},"ast-content-background-meta":{"desktop":{"background-color":"var(--ast-global-color-5)","background-image":"","background-repeat":"repeat","background-position":"center center","background-size":"auto","background-attachment":"scroll","background-type":"","background-media":"","overlay-type":"","overlay-color":"","overlay-gradient":""},"tablet":{"background-color":"var(--ast-global-color-5)","background-image":"","background-repeat":"repeat","background-position":"center center","background-size":"auto","background-attachment":"scroll","background-type":"","background-media":"","overlay-type":"","overlay-color":"","overlay-gradient":""},"mobile":{"background-color":"var(--ast-global-color-5)","background-image":"","background-repeat":"repeat","background-position":"center center","background-size":"auto","background-attachment":"scroll","background-type":"","background-media":"","overlay-type":"","overlay-color":"","overlay-gradient":""}}},"product_cat":[48],"product_tag":[],"class_list":{"0":"post-4789","1":"product","2":"type-product","3":"status-publish","4":"has-post-thumbnail","6":"product_cat-banos","7":"desktop-align-left","8":"tablet-align-left","9":"mobile-align-left","11":"first","12":"instock","13":"shipping-taxable","14":"product-type-simple"},"_links":{"self":[{"href":"https:\/\/ninbol-srl.com\/web\/wp-json\/wp\/v2\/product\/4789","targetHints":{"allow":["GET"]}}],"collection":[{"href":"https:\/\/ninbol-srl.com\/web\/wp-json\/wp\/v2\/product"}],"about":[{"href":"https:\/\/ninbol-srl.com\/web\/wp-json\/wp\/v2\/types\/product"}],"replies":[{"embeddable":true,"href":"https:\/\/ninbol-srl.com\/web\/wp-json\/wp\/v2\/comments?post=4789"}],"version-history":[{"count":2,"href":"https:\/\/ninbol-srl.com\/web\/wp-json\/wp\/v2\/product\/4789\/revisions"}],"predecessor-version":[{"id":5438,"href":"https:\/\/ninbol-srl.com\/web\/wp-json\/wp\/v2\/product\/4789\/revisions\/5438"}],"wp:featuredmedia":[{"embeddable":true,"href":"https:\/\/ninbol-srl.com\/web\/wp-json\/wp\/v2\/media\/4790"}],"wp:attachment":[{"href":"https:\/\/ninbol-srl.com\/web\/wp-json\/wp\/v2\/media?parent=4789"}],"wp:term":[{"taxonomy":"product_cat","embeddable":true,"href":"https:\/\/ninbol-srl.com\/web\/wp-json\/wp\/v2\/product_cat?post=4789"},{"taxonomy":"product_tag","embeddable":true,"href":"https:\/\/ninbol-srl.com\/web\/wp-json\/wp\/v2\/product_tag?post=4789"}],"curies":[{"name":"wp","href":"https:\/\/api.w.org\/{rel}","templated":true}]}}