{"id":5025,"date":"2023-03-27T22:30:55","date_gmt":"2023-03-27T22:30:55","guid":{"rendered":"https:\/\/ninbol-srl.com\/web\/?post_type=product&#038;p=5025"},"modified":"2023-04-08T19:18:23","modified_gmt":"2023-04-08T19:18:23","slug":"termometros-5","status":"publish","type":"product","link":"https:\/\/ninbol-srl.com\/web\/producto\/termometros-5\/","title":{"rendered":"Term\u00f3metros"},"content":{"rendered":"","protected":false},"excerpt":{"rendered":"<p><strong>REFERENCIA:\u00a0<\/strong>4370 |\u00a0<strong>MARCA:\u00a0<\/strong>TRACEABLE<\/p>\n<p>La sonda de acero inoxidable es ideal para usar en aplicaciones de suelo, elaboraci\u00f3n de cerveza, procesamiento de alimentos, refrigeraci\u00f3n y farmac\u00e9uticas.<\/p>\n<p><strong>CARACTERISTICAS<\/strong><\/p>\n<p>La construcci\u00f3n a prueba de salpicaduras permite su uso en laboratorios, plantas, \u00e1reas de lavado y el campo.\u00a0Fabricado para ser a prueba de ca\u00eddas desde 5 pies.\u00a0Elimina los peligros inherentes al vidrio rompible y los term\u00f3metros de mercurio t\u00f3xico.\u00a0El amplio rango cubre el 99 por ciento de las mediciones de temperatura de rutina: -58 a 536 \u00b0F y -50 a 280 \u00b0C.\u00a0La resoluci\u00f3n es de 0,1\u00b0 de \u201320 a 200\u00b0 (1\u00b0 fuera de este rango).\u00a0La precisi\u00f3n es de \u00b11\u00b0C entre \u201320 y 100\u00b0C.\u00a0La lectura se actualiza cada segundo.<\/p>\n<p><strong>ESPECIFICACIONES TECNICAS<\/strong><\/p>\n<table width=\"1050\">\n<tbody>\n<tr>\n<td width=\"290\">Rango de temperatura de la sonda<\/td>\n<td>\u201350 a 280 \u00b0C (\u201358 a 536 \u00b0F)<\/td>\n<\/tr>\n<tr>\n<td width=\"290\">Resoluci\u00f3n de temperatura<\/td>\n<td>0,1\u00b0 de \u201320 a 200\u00b0C;\u00a0o 1\u00b0C en otros lugares<\/td>\n<\/tr>\n<tr>\n<td width=\"290\">Precisi\u00f3n de temperatura<\/td>\n<td>\u00b11\u00b0C entre \u201320 y 100\u00b0C<\/td>\n<\/tr>\n<tr>\n<td width=\"290\"># de sondas<\/td>\n<td>1<\/td>\n<\/tr>\n<tr>\n<td width=\"290\">Sonda incluida<\/td>\n<td>Acero inoxidable<\/td>\n<\/tr>\n<tr>\n<td width=\"290\">Dimensiones de la sonda<\/td>\n<td>0,19 pulgadas de di\u00e1metro x 8 pulgadas<\/td>\n<\/tr>\n<tr>\n<td width=\"290\">Peso<\/td>\n<td>1-1\/4 onzas<\/td>\n<\/tr>\n<tr>\n<td width=\"290\">Memoria temporal MIN\/MAX<\/td>\n<td>norte<\/td>\n<\/tr>\n<tr>\n<td width=\"290\">Promedio (S\/N)<\/td>\n<td>norte<\/td>\n<\/tr>\n<tr>\n<td width=\"290\">Registro de datos<\/td>\n<td>norte<\/td>\n<\/tr>\n<tr>\n<td width=\"290\">Datos exportables (S\/N)<\/td>\n<td>norte<\/td>\n<\/tr>\n<tr>\n<td width=\"290\">Tama\u00f1o de d\u00edgito LCD<\/td>\n<td>1\/4 pulg.<\/td>\n<\/tr>\n<tr>\n<td width=\"290\">Dimensiones<\/td>\n<td>9-1\/2&#8243;x3-1\/2&#8243;x1&#8243;<\/td>\n<\/tr>\n<tr>\n<td width=\"290\">Enchufe de aire acondicionado (S\/N)<\/td>\n<td>norte<\/td>\n<\/tr>\n<tr>\n<td width=\"290\">Trazable<\/td>\n<td>Y<\/td>\n<\/tr>\n<tr>\n<td width=\"290\">marcado CE<\/td>\n<td>Y<\/td>\n<\/tr>\n<tr>\n<td width=\"290\">Suministrado con<\/td>\n<td>Bater\u00eda, Certificado Traceable\u00ae<\/td>\n<\/tr>\n<\/tbody>\n<\/table>\n<p><strong>DESCARGAS<\/strong><\/p>\n<p><a href=\"https:\/\/www.traceable.com\/media\/iwd_video\/pdf\/5ec6ef88c8ae4.pdf\">https:\/\/www.traceable.com\/media\/iwd_video\/pdf\/5ec6ef88c8ae4.pdf<\/a><\/p>\n","protected":false},"featured_media":5026,"comment_status":"closed","ping_status":"closed","template":"","meta":{"_eb_attr":"","site-sidebar-layout":"default","site-content-layout":"default","ast-site-content-layout":"","site-content-style":"default","site-sidebar-style":"default","ast-global-header-display":"","ast-banner-title-visibility":"","ast-main-header-display":"","ast-hfb-above-header-display":"","ast-hfb-below-header-display":"","ast-hfb-mobile-header-display":"","site-post-title":"","ast-breadcrumbs-content":"","ast-featured-img":"","footer-sml-layout":"","theme-transparent-header-meta":"default","adv-header-id-meta":"","stick-header-meta":"","header-above-stick-meta":"","header-main-stick-meta":"","header-below-stick-meta":"","astra-migrate-meta-layouts":"default","ast-page-background-enabled":"default","ast-page-background-meta":{"desktop":{"background-color":"","background-image":"","background-repeat":"repeat","background-position":"center center","background-size":"auto","background-attachment":"scroll","background-type":"","background-media":"","overlay-type":"","overlay-color":"","overlay-gradient":""},"tablet":{"background-color":"","background-image":"","background-repeat":"repeat","background-position":"center center","background-size":"auto","background-attachment":"scroll","background-type":"","background-media":"","overlay-type":"","overlay-color":"","overlay-gradient":""},"mobile":{"background-color":"","background-image":"","background-repeat":"repeat","background-position":"center center","background-size":"auto","background-attachment":"scroll","background-type":"","background-media":"","overlay-type":"","overlay-color":"","overlay-gradient":""}},"ast-content-background-meta":{"desktop":{"background-color":"var(--ast-global-color-5)","background-image":"","background-repeat":"repeat","background-position":"center center","background-size":"auto","background-attachment":"scroll","background-type":"","background-media":"","overlay-type":"","overlay-color":"","overlay-gradient":""},"tablet":{"background-color":"var(--ast-global-color-5)","background-image":"","background-repeat":"repeat","background-position":"center center","background-size":"auto","background-attachment":"scroll","background-type":"","background-media":"","overlay-type":"","overlay-color":"","overlay-gradient":""},"mobile":{"background-color":"var(--ast-global-color-5)","background-image":"","background-repeat":"repeat","background-position":"center center","background-size":"auto","background-attachment":"scroll","background-type":"","background-media":"","overlay-type":"","overlay-color":"","overlay-gradient":""}}},"product_cat":[60],"product_tag":[],"class_list":{"0":"post-5025","1":"product","2":"type-product","3":"status-publish","4":"has-post-thumbnail","6":"product_cat-polarimetros","7":"desktop-align-left","8":"tablet-align-left","9":"mobile-align-left","11":"first","12":"instock","13":"shipping-taxable","14":"product-type-simple"},"_links":{"self":[{"href":"https:\/\/ninbol-srl.com\/web\/wp-json\/wp\/v2\/product\/5025","targetHints":{"allow":["GET"]}}],"collection":[{"href":"https:\/\/ninbol-srl.com\/web\/wp-json\/wp\/v2\/product"}],"about":[{"href":"https:\/\/ninbol-srl.com\/web\/wp-json\/wp\/v2\/types\/product"}],"replies":[{"embeddable":true,"href":"https:\/\/ninbol-srl.com\/web\/wp-json\/wp\/v2\/comments?post=5025"}],"version-history":[{"count":1,"href":"https:\/\/ninbol-srl.com\/web\/wp-json\/wp\/v2\/product\/5025\/revisions"}],"predecessor-version":[{"id":5027,"href":"https:\/\/ninbol-srl.com\/web\/wp-json\/wp\/v2\/product\/5025\/revisions\/5027"}],"wp:featuredmedia":[{"embeddable":true,"href":"https:\/\/ninbol-srl.com\/web\/wp-json\/wp\/v2\/media\/5026"}],"wp:attachment":[{"href":"https:\/\/ninbol-srl.com\/web\/wp-json\/wp\/v2\/media?parent=5025"}],"wp:term":[{"taxonomy":"product_cat","embeddable":true,"href":"https:\/\/ninbol-srl.com\/web\/wp-json\/wp\/v2\/product_cat?post=5025"},{"taxonomy":"product_tag","embeddable":true,"href":"https:\/\/ninbol-srl.com\/web\/wp-json\/wp\/v2\/product_tag?post=5025"}],"curies":[{"name":"wp","href":"https:\/\/api.w.org\/{rel}","templated":true}]}}